{"id":860,"date":"2024-04-17T14:07:06","date_gmt":"2024-04-17T18:07:06","guid":{"rendered":"https:\/\/www.citadel.edu\/shss\/?page_id=860"},"modified":"2026-01-29T12:18:44","modified_gmt":"2026-01-29T17:18:44","slug":"shss-faculty-grants-committee","status":"publish","type":"page","link":"https:\/\/www.citadel.edu\/shss\/shss-faculty-grants-committee\/","title":{"rendered":"SHSS Faculty Grants Committee"},"content":{"rendered":"\n<p>The objective of the School of Humanities &amp; Social Sciences Faculty Grants Committee is to encourage and actively support the professional development of faculty members in the areas of research and teaching. This entails the specific role of reviewing proposals in several classes: Faculty Research, New Faculty Research, Faculty Development, and Presentations. The committee is responsible for making recommendations to the Dean of the School of Humanities &amp; Social Sciences on the allocation of funds provided by The Citadel Foundation.<\/p>\n\n\n\n<p><strong>Chair:<\/strong>&nbsp;Dr. Mar\u00eda Jos\u00e9 Hell\u00edn Garc\u00eda, Department of Modern Languages, Literatures, and Cultures<\/p>\n\n\n\n<p><strong>Members, 2025-26:\u00a0<\/strong><\/p>\n\n\n\n<figure class=\"wp-block-table\"><table><tbody><tr><td>Dr. Roy Fenoff<\/td><td>Criminal Justice<\/td><\/tr><tr><td>Dr. Melissa Graves<\/td><td>Intelligence and Security Studies<\/td><\/tr><tr><td>Dr. Mar\u00eda Jos\u00e9 Hell\u00edn Garc\u00eda<\/td><td>Modern Languages, Literatures, and Cultures<\/td><\/tr><tr><td>Dr. Lauren Rule Maxwell<\/td><td>English, Fine Arts, &amp; Communications<\/td><\/tr><tr><td>Dr. Darren Matthews<\/td><td>Psychology<\/td><\/tr><tr><td>Dr. Kyle Sinisi<\/td><td>History<\/td><\/tr><tr><td>Dr. Adriana Boersner Herrera<\/td><td>Political Science<\/td><\/tr><\/tbody><\/table><\/figure>\n","protected":false},"excerpt":{"rendered":"<p>The objective of the School of Humanities &amp; Social Sciences Faculty Grants Committee is to encourage and actively support the professional development of faculty members in the areas of research and teaching. This entails the specific role of reviewing proposals in several classes: Faculty Research, New Faculty Research, Faculty Development, and Presentations. The committee is [&hellip;]<\/p>\n","protected":false},"author":94,"featured_media":0,"parent":0,"menu_order":0,"comment_status":"closed","ping_status":"closed","template":"","meta":{"_coblocks_attr":"","_coblocks_dimensions":"","_coblocks_responsive_height":"","_coblocks_accordion_ie_support":"","footnotes":""},"class_list":["post-860","page","type-page","status-publish","hentry"],"yoast_head":"<!-- This site is optimized with the Yoast SEO Premium plugin v22.8 (Yoast SEO v27.3) - https:\/\/yoast.com\/product\/yoast-seo-premium-wordpress\/ -->\n<title>SHSS Faculty Grants Committee<\/title>\n<meta name=\"description\" content=\"Learn more about The Citadel&#039;s School of Humanities &amp; Social Sciences Faculty Grants Committee objectives and members.\" \/>\n<meta name=\"robots\" content=\"index, follow, max-snippet:-1, max-image-preview:large, max-video-preview:-1\" \/>\n<link rel=\"canonical\" href=\"https:\/\/www.citadel.edu\/shss\/shss-faculty-grants-committee\/\" \/>\n<meta property=\"og:locale\" content=\"en_US\" \/>\n<meta property=\"og:type\" content=\"article\" \/>\n<meta property=\"og:title\" content=\"SHSS Faculty Grants Committee\" \/>\n<meta property=\"og:description\" content=\"Learn more about The Citadel&#039;s School of Humanities &amp; Social Sciences Faculty Grants Committee objectives and members.\" \/>\n<meta property=\"og:url\" content=\"https:\/\/www.citadel.edu\/shss\/shss-faculty-grants-committee\/\" \/>\n<meta property=\"og:site_name\" content=\"School of Humanities &amp; Social Sciences\" \/>\n<meta property=\"article:modified_time\" content=\"2026-01-29T17:18:44+00:00\" \/>\n<meta name=\"twitter:card\" content=\"summary_large_image\" \/>\n<meta name=\"twitter:label1\" content=\"Est. reading time\" \/>\n\t<meta name=\"twitter:data1\" content=\"1 minute\" \/>\n<script type=\"application\/ld+json\" class=\"yoast-schema-graph\">{\"@context\":\"https:\\\/\\\/schema.org\",\"@graph\":[{\"@type\":\"WebPage\",\"@id\":\"https:\\\/\\\/www.citadel.edu\\\/shss\\\/shss-faculty-grants-committee\\\/\",\"url\":\"https:\\\/\\\/www.citadel.edu\\\/shss\\\/shss-faculty-grants-committee\\\/\",\"name\":\"SHSS Faculty Grants Committee\",\"isPartOf\":{\"@id\":\"https:\\\/\\\/www.citadel.edu\\\/shss\\\/#website\"},\"datePublished\":\"2024-04-17T18:07:06+00:00\",\"dateModified\":\"2026-01-29T17:18:44+00:00\",\"description\":\"Learn more about The Citadel's School of Humanities & Social Sciences Faculty Grants Committee objectives and members.\",\"breadcrumb\":{\"@id\":\"https:\\\/\\\/www.citadel.edu\\\/shss\\\/shss-faculty-grants-committee\\\/#breadcrumb\"},\"inLanguage\":\"en-US\",\"potentialAction\":[{\"@type\":\"ReadAction\",\"target\":[\"https:\\\/\\\/www.citadel.edu\\\/shss\\\/shss-faculty-grants-committee\\\/\"]}]},{\"@type\":\"BreadcrumbList\",\"@id\":\"https:\\\/\\\/www.citadel.edu\\\/shss\\\/shss-faculty-grants-committee\\\/#breadcrumb\",\"itemListElement\":[{\"@type\":\"ListItem\",\"position\":1,\"name\":\"Home\",\"item\":\"https:\\\/\\\/www.citadel.edu\\\/shss\\\/\"},{\"@type\":\"ListItem\",\"position\":2,\"name\":\"SHSS Faculty Grants Committee\"}]},{\"@type\":\"WebSite\",\"@id\":\"https:\\\/\\\/www.citadel.edu\\\/shss\\\/#website\",\"url\":\"https:\\\/\\\/www.citadel.edu\\\/shss\\\/\",\"name\":\"School of Humanities & Social Sciences\",\"description\":\"\",\"potentialAction\":[{\"@type\":\"SearchAction\",\"target\":{\"@type\":\"EntryPoint\",\"urlTemplate\":\"https:\\\/\\\/www.citadel.edu\\\/shss\\\/?s={search_term_string}\"},\"query-input\":{\"@type\":\"PropertyValueSpecification\",\"valueRequired\":true,\"valueName\":\"search_term_string\"}}],\"inLanguage\":\"en-US\"}]}<\/script>\n<!-- \/ Yoast SEO Premium plugin. -->","yoast_head_json":{"title":"SHSS Faculty Grants Committee","description":"Learn more about The Citadel's School of Humanities & Social Sciences Faculty Grants Committee objectives and members.","robots":{"index":"index","follow":"follow","max-snippet":"max-snippet:-1","max-image-preview":"max-image-preview:large","max-video-preview":"max-video-preview:-1"},"canonical":"https:\/\/www.citadel.edu\/shss\/shss-faculty-grants-committee\/","og_locale":"en_US","og_type":"article","og_title":"SHSS Faculty Grants Committee","og_description":"Learn more about The Citadel's School of Humanities & Social Sciences Faculty Grants Committee objectives and members.","og_url":"https:\/\/www.citadel.edu\/shss\/shss-faculty-grants-committee\/","og_site_name":"School of Humanities & Social Sciences","article_modified_time":"2026-01-29T17:18:44+00:00","twitter_card":"summary_large_image","twitter_misc":{"Est. reading time":"1 minute"},"schema":{"@context":"https:\/\/schema.org","@graph":[{"@type":"WebPage","@id":"https:\/\/www.citadel.edu\/shss\/shss-faculty-grants-committee\/","url":"https:\/\/www.citadel.edu\/shss\/shss-faculty-grants-committee\/","name":"SHSS Faculty Grants Committee","isPartOf":{"@id":"https:\/\/www.citadel.edu\/shss\/#website"},"datePublished":"2024-04-17T18:07:06+00:00","dateModified":"2026-01-29T17:18:44+00:00","description":"Learn more about The Citadel's School of Humanities & Social Sciences Faculty Grants Committee objectives and members.","breadcrumb":{"@id":"https:\/\/www.citadel.edu\/shss\/shss-faculty-grants-committee\/#breadcrumb"},"inLanguage":"en-US","potentialAction":[{"@type":"ReadAction","target":["https:\/\/www.citadel.edu\/shss\/shss-faculty-grants-committee\/"]}]},{"@type":"BreadcrumbList","@id":"https:\/\/www.citadel.edu\/shss\/shss-faculty-grants-committee\/#breadcrumb","itemListElement":[{"@type":"ListItem","position":1,"name":"Home","item":"https:\/\/www.citadel.edu\/shss\/"},{"@type":"ListItem","position":2,"name":"SHSS Faculty Grants Committee"}]},{"@type":"WebSite","@id":"https:\/\/www.citadel.edu\/shss\/#website","url":"https:\/\/www.citadel.edu\/shss\/","name":"School of Humanities & Social Sciences","description":"","potentialAction":[{"@type":"SearchAction","target":{"@type":"EntryPoint","urlTemplate":"https:\/\/www.citadel.edu\/shss\/?s={search_term_string}"},"query-input":{"@type":"PropertyValueSpecification","valueRequired":true,"valueName":"search_term_string"}}],"inLanguage":"en-US"}]}},"_links":{"self":[{"href":"https:\/\/www.citadel.edu\/shss\/wp-json\/wp\/v2\/pages\/860","targetHints":{"allow":["GET"]}}],"collection":[{"href":"https:\/\/www.citadel.edu\/shss\/wp-json\/wp\/v2\/pages"}],"about":[{"href":"https:\/\/www.citadel.edu\/shss\/wp-json\/wp\/v2\/types\/page"}],"author":[{"embeddable":true,"href":"https:\/\/www.citadel.edu\/shss\/wp-json\/wp\/v2\/users\/94"}],"replies":[{"embeddable":true,"href":"https:\/\/www.citadel.edu\/shss\/wp-json\/wp\/v2\/comments?post=860"}],"version-history":[{"count":7,"href":"https:\/\/www.citadel.edu\/shss\/wp-json\/wp\/v2\/pages\/860\/revisions"}],"predecessor-version":[{"id":1094,"href":"https:\/\/www.citadel.edu\/shss\/wp-json\/wp\/v2\/pages\/860\/revisions\/1094"}],"wp:attachment":[{"href":"https:\/\/www.citadel.edu\/shss\/wp-json\/wp\/v2\/media?parent=860"}],"curies":[{"name":"wp","href":"https:\/\/api.w.org\/{rel}","templated":true}]}}